{"id":37,"date":"2020-07-27T12:49:00","date_gmt":"2020-07-27T10:49:00","guid":{"rendered":"https:\/\/www.ma-part-du-web.com\/agence-arras\/?page_id=37"},"modified":"2024-07-10T08:48:56","modified_gmt":"2024-07-10T06:48:56","slug":"contact-devis","status":"publish","type":"page","link":"https:\/\/www.ma-part-du-web.com\/agence-arras\/contact-devis\/","title":{"rendered":"Contact \/ Devis"},"content":{"rendered":"<p align=\"left\"><img loading=\"lazy\" decoding=\"async\" class=\"alignright wp-image-204 size-full\" title=\"contacter mpweb\" src=\"https:\/\/www.ma-part-du-web.com\/agence-arras\/wp-content\/uploads\/2020\/07\/telephonem.png\" alt=\"\" width=\"150\" height=\"120\" \/>Vous d\u00e9sirez entrer en contact avec nous pour la cr\u00e9ation de votre futur site professionnel, un logo, une pr\u00e9sentation vid\u00e9o&#8230; Vous d\u00e9sirez lancer une campagne de pub ou de r\u00e9f\u00e9rencement pour votre activit\u00e9 ou am\u00e9liorer votre positionnement dans google&#8230; N&rsquo;h\u00e9sitez pas \u00e0 bien d\u00e9tailler votre projet, \u00e0 l&rsquo;issue nous vous contacterons pour en discuter librement (devis gratuits)<\/p>\n<ul>\n<li><strong>Jean-Marc Denecker : <a href=\"mailto:mpweb@hotmail.fr\">mpweb@hotmail.fr<\/a><\/strong><\/li>\n<li><strong>T\u00e9l\u00e9phone : 0695257282 (du lundi au vendredi de 9h00 \u00e0 18h00).<\/strong><\/li>\n<\/ul>\n<hr \/>\n<blockquote><p><img loading=\"lazy\" decoding=\"async\" class=\"aligncenter wp-image-83 size-full\" src=\"https:\/\/www.ma-part-du-web.com\/agence-arras\/wp-content\/uploads\/2020\/07\/cont.jpg\" alt=\"\" width=\"700\" height=\"260\" srcset=\"https:\/\/www.ma-part-du-web.com\/agence-arras\/wp-content\/uploads\/2020\/07\/cont.jpg 700w, https:\/\/www.ma-part-du-web.com\/agence-arras\/wp-content\/uploads\/2020\/07\/cont-300x111.jpg 300w\" sizes=\"(max-width: 700px) 100vw, 700px\" \/><\/p><\/blockquote>\n<p>&nbsp;<\/p>\n","protected":false},"excerpt":{"rendered":"<p>Vous d\u00e9sirez entrer en contact avec nous pour la cr\u00e9ation de votre futur site professionnel, un logo, une pr\u00e9sentation vid\u00e9o&#8230; Vous d\u00e9sirez lancer une campagne de pub ou de r\u00e9f\u00e9rencement pour votre activit\u00e9 ou am\u00e9liorer votre positionnement dans google&#8230; N&rsquo;h\u00e9sitez pas \u00e0 bien d\u00e9tailler votre projet, \u00e0 l&rsquo;issue nous vous contacterons pour en discuter librement [&hellip;]<\/p>\n","protected":false},"author":1,"featured_media":0,"parent":0,"menu_order":0,"comment_status":"closed","ping_status":"closed","template":"","meta":{"footnotes":""},"yoast_head":"<!-- This site is optimized with the Yoast SEO plugin v24.5 - https:\/\/yoast.com\/wordpress\/plugins\/seo\/ -->\n<title>devis site internet et r\u00e9f\u00e9rencement arras<\/title>\n<meta name=\"description\" content=\"Cr\u00e9ation de sites internet et projets de communication \u00e0 Arras : tarifs, devis et prise de contact gratuits\" \/>\n<meta name=\"robots\" content=\"index, follow, max-snippet:-1, max-image-preview:large, max-video-preview:-1\" \/>\n<link rel=\"canonical\" href=\"https:\/\/www.ma-part-du-web.com\/agence-arras\/contact-devis\/\" \/>\n<meta property=\"og:locale\" content=\"fr_FR\" \/>\n<meta property=\"og:type\" content=\"article\" \/>\n<meta property=\"og:title\" content=\"devis site internet et r\u00e9f\u00e9rencement arras\" \/>\n<meta property=\"og:description\" content=\"Cr\u00e9ation de sites internet et projets de communication \u00e0 Arras : tarifs, devis et prise de contact gratuits\" \/>\n<meta property=\"og:url\" content=\"https:\/\/www.ma-part-du-web.com\/agence-arras\/contact-devis\/\" \/>\n<meta property=\"og:site_name\" content=\"Ma Part du Web\" \/>\n<meta property=\"article:modified_time\" content=\"2024-07-10T06:48:56+00:00\" \/>\n<meta property=\"og:image\" content=\"https:\/\/www.ma-part-du-web.com\/agence-arras\/wp-content\/uploads\/2020\/07\/telephonem.png\" \/>\n<meta name=\"twitter:card\" content=\"summary_large_image\" \/>\n<meta name=\"twitter:label1\" content=\"Dur\u00e9e de lecture estim\u00e9e\" \/>\n\t<meta name=\"twitter:data1\" content=\"1 minute\" \/>\n<script type=\"application\/ld+json\" class=\"yoast-schema-graph\">{\"@context\":\"https:\/\/schema.org\",\"@graph\":[{\"@type\":\"WebPage\",\"@id\":\"https:\/\/www.ma-part-du-web.com\/agence-arras\/contact-devis\/\",\"url\":\"https:\/\/www.ma-part-du-web.com\/agence-arras\/contact-devis\/\",\"name\":\"devis site internet et r\u00e9f\u00e9rencement arras\",\"isPartOf\":{\"@id\":\"https:\/\/www.ma-part-du-web.com\/agence-arras\/#website\"},\"primaryImageOfPage\":{\"@id\":\"https:\/\/www.ma-part-du-web.com\/agence-arras\/contact-devis\/#primaryimage\"},\"image\":{\"@id\":\"https:\/\/www.ma-part-du-web.com\/agence-arras\/contact-devis\/#primaryimage\"},\"thumbnailUrl\":\"https:\/\/www.ma-part-du-web.com\/agence-arras\/wp-content\/uploads\/2020\/07\/telephonem.png\",\"datePublished\":\"2020-07-27T10:49:00+00:00\",\"dateModified\":\"2024-07-10T06:48:56+00:00\",\"description\":\"Cr\u00e9ation de sites internet et projets de communication \u00e0 Arras : tarifs, devis et prise de contact gratuits\",\"breadcrumb\":{\"@id\":\"https:\/\/www.ma-part-du-web.com\/agence-arras\/contact-devis\/#breadcrumb\"},\"inLanguage\":\"fr-FR\",\"potentialAction\":[{\"@type\":\"ReadAction\",\"target\":[\"https:\/\/www.ma-part-du-web.com\/agence-arras\/contact-devis\/\"]}]},{\"@type\":\"ImageObject\",\"inLanguage\":\"fr-FR\",\"@id\":\"https:\/\/www.ma-part-du-web.com\/agence-arras\/contact-devis\/#primaryimage\",\"url\":\"https:\/\/www.ma-part-du-web.com\/agence-arras\/wp-content\/uploads\/2020\/07\/telephonem.png\",\"contentUrl\":\"https:\/\/www.ma-part-du-web.com\/agence-arras\/wp-content\/uploads\/2020\/07\/telephonem.png\",\"width\":150,\"height\":120},{\"@type\":\"BreadcrumbList\",\"@id\":\"https:\/\/www.ma-part-du-web.com\/agence-arras\/contact-devis\/#breadcrumb\",\"itemListElement\":[{\"@type\":\"ListItem\",\"position\":1,\"name\":\"Accueil\",\"item\":\"https:\/\/www.ma-part-du-web.com\/agence-arras\/\"},{\"@type\":\"ListItem\",\"position\":2,\"name\":\"Contact \/ Devis\"}]},{\"@type\":\"WebSite\",\"@id\":\"https:\/\/www.ma-part-du-web.com\/agence-arras\/#website\",\"url\":\"https:\/\/www.ma-part-du-web.com\/agence-arras\/\",\"name\":\"Ma Part du Web\",\"description\":\"Sites web, visuels...\",\"publisher\":{\"@id\":\"https:\/\/www.ma-part-du-web.com\/agence-arras\/#organization\"},\"potentialAction\":[{\"@type\":\"SearchAction\",\"target\":{\"@type\":\"EntryPoint\",\"urlTemplate\":\"https:\/\/www.ma-part-du-web.com\/agence-arras\/?s={search_term_string}\"},\"query-input\":{\"@type\":\"PropertyValueSpecification\",\"valueRequired\":true,\"valueName\":\"search_term_string\"}}],\"inLanguage\":\"fr-FR\"},{\"@type\":\"Organization\",\"@id\":\"https:\/\/www.ma-part-du-web.com\/agence-arras\/#organization\",\"name\":\"Ma Part du Web\",\"url\":\"https:\/\/www.ma-part-du-web.com\/agence-arras\/\",\"logo\":{\"@type\":\"ImageObject\",\"inLanguage\":\"fr-FR\",\"@id\":\"https:\/\/www.ma-part-du-web.com\/agence-arras\/#\/schema\/logo\/image\/\",\"url\":\"https:\/\/www.ma-part-du-web.com\/agence-arras\/wp-content\/uploads\/2022\/10\/cropped-path4292-3.png\",\"contentUrl\":\"https:\/\/www.ma-part-du-web.com\/agence-arras\/wp-content\/uploads\/2022\/10\/cropped-path4292-3.png\",\"width\":200,\"height\":170,\"caption\":\"Ma Part du Web\"},\"image\":{\"@id\":\"https:\/\/www.ma-part-du-web.com\/agence-arras\/#\/schema\/logo\/image\/\"}}]}<\/script>\n<!-- \/ Yoast SEO plugin. -->","yoast_head_json":{"title":"devis site internet et r\u00e9f\u00e9rencement arras","description":"Cr\u00e9ation de sites internet et projets de communication \u00e0 Arras : tarifs, devis et prise de contact gratuits","robots":{"index":"index","follow":"follow","max-snippet":"max-snippet:-1","max-image-preview":"max-image-preview:large","max-video-preview":"max-video-preview:-1"},"canonical":"https:\/\/www.ma-part-du-web.com\/agence-arras\/contact-devis\/","og_locale":"fr_FR","og_type":"article","og_title":"devis site internet et r\u00e9f\u00e9rencement arras","og_description":"Cr\u00e9ation de sites internet et projets de communication \u00e0 Arras : tarifs, devis et prise de contact gratuits","og_url":"https:\/\/www.ma-part-du-web.com\/agence-arras\/contact-devis\/","og_site_name":"Ma Part du Web","article_modified_time":"2024-07-10T06:48:56+00:00","og_image":[{"url":"https:\/\/www.ma-part-du-web.com\/agence-arras\/wp-content\/uploads\/2020\/07\/telephonem.png","type":"","width":"","height":""}],"twitter_card":"summary_large_image","twitter_misc":{"Dur\u00e9e de lecture estim\u00e9e":"1 minute"},"schema":{"@context":"https:\/\/schema.org","@graph":[{"@type":"WebPage","@id":"https:\/\/www.ma-part-du-web.com\/agence-arras\/contact-devis\/","url":"https:\/\/www.ma-part-du-web.com\/agence-arras\/contact-devis\/","name":"devis site internet et r\u00e9f\u00e9rencement arras","isPartOf":{"@id":"https:\/\/www.ma-part-du-web.com\/agence-arras\/#website"},"primaryImageOfPage":{"@id":"https:\/\/www.ma-part-du-web.com\/agence-arras\/contact-devis\/#primaryimage"},"image":{"@id":"https:\/\/www.ma-part-du-web.com\/agence-arras\/contact-devis\/#primaryimage"},"thumbnailUrl":"https:\/\/www.ma-part-du-web.com\/agence-arras\/wp-content\/uploads\/2020\/07\/telephonem.png","datePublished":"2020-07-27T10:49:00+00:00","dateModified":"2024-07-10T06:48:56+00:00","description":"Cr\u00e9ation de sites internet et projets de communication \u00e0 Arras : tarifs, devis et prise de contact gratuits","breadcrumb":{"@id":"https:\/\/www.ma-part-du-web.com\/agence-arras\/contact-devis\/#breadcrumb"},"inLanguage":"fr-FR","potentialAction":[{"@type":"ReadAction","target":["https:\/\/www.ma-part-du-web.com\/agence-arras\/contact-devis\/"]}]},{"@type":"ImageObject","inLanguage":"fr-FR","@id":"https:\/\/www.ma-part-du-web.com\/agence-arras\/contact-devis\/#primaryimage","url":"https:\/\/www.ma-part-du-web.com\/agence-arras\/wp-content\/uploads\/2020\/07\/telephonem.png","contentUrl":"https:\/\/www.ma-part-du-web.com\/agence-arras\/wp-content\/uploads\/2020\/07\/telephonem.png","width":150,"height":120},{"@type":"BreadcrumbList","@id":"https:\/\/www.ma-part-du-web.com\/agence-arras\/contact-devis\/#breadcrumb","itemListElement":[{"@type":"ListItem","position":1,"name":"Accueil","item":"https:\/\/www.ma-part-du-web.com\/agence-arras\/"},{"@type":"ListItem","position":2,"name":"Contact \/ Devis"}]},{"@type":"WebSite","@id":"https:\/\/www.ma-part-du-web.com\/agence-arras\/#website","url":"https:\/\/www.ma-part-du-web.com\/agence-arras\/","name":"Ma Part du Web","description":"Sites web, visuels...","publisher":{"@id":"https:\/\/www.ma-part-du-web.com\/agence-arras\/#organization"},"potentialAction":[{"@type":"SearchAction","target":{"@type":"EntryPoint","urlTemplate":"https:\/\/www.ma-part-du-web.com\/agence-arras\/?s={search_term_string}"},"query-input":{"@type":"PropertyValueSpecification","valueRequired":true,"valueName":"search_term_string"}}],"inLanguage":"fr-FR"},{"@type":"Organization","@id":"https:\/\/www.ma-part-du-web.com\/agence-arras\/#organization","name":"Ma Part du Web","url":"https:\/\/www.ma-part-du-web.com\/agence-arras\/","logo":{"@type":"ImageObject","inLanguage":"fr-FR","@id":"https:\/\/www.ma-part-du-web.com\/agence-arras\/#\/schema\/logo\/image\/","url":"https:\/\/www.ma-part-du-web.com\/agence-arras\/wp-content\/uploads\/2022\/10\/cropped-path4292-3.png","contentUrl":"https:\/\/www.ma-part-du-web.com\/agence-arras\/wp-content\/uploads\/2022\/10\/cropped-path4292-3.png","width":200,"height":170,"caption":"Ma Part du Web"},"image":{"@id":"https:\/\/www.ma-part-du-web.com\/agence-arras\/#\/schema\/logo\/image\/"}}]}},"_links":{"self":[{"href":"https:\/\/www.ma-part-du-web.com\/agence-arras\/wp-json\/wp\/v2\/pages\/37"}],"collection":[{"href":"https:\/\/www.ma-part-du-web.com\/agence-arras\/wp-json\/wp\/v2\/pages"}],"about":[{"href":"https:\/\/www.ma-part-du-web.com\/agence-arras\/wp-json\/wp\/v2\/types\/page"}],"author":[{"embeddable":true,"href":"https:\/\/www.ma-part-du-web.com\/agence-arras\/wp-json\/wp\/v2\/users\/1"}],"replies":[{"embeddable":true,"href":"https:\/\/www.ma-part-du-web.com\/agence-arras\/wp-json\/wp\/v2\/comments?post=37"}],"version-history":[{"count":13,"href":"https:\/\/www.ma-part-du-web.com\/agence-arras\/wp-json\/wp\/v2\/pages\/37\/revisions"}],"predecessor-version":[{"id":353,"href":"https:\/\/www.ma-part-du-web.com\/agence-arras\/wp-json\/wp\/v2\/pages\/37\/revisions\/353"}],"wp:attachment":[{"href":"https:\/\/www.ma-part-du-web.com\/agence-arras\/wp-json\/wp\/v2\/media?parent=37"}],"curies":[{"name":"wp","href":"https:\/\/api.w.org\/{rel}","templated":true}]}}

<p align="left"><img loading="lazy" decoding="async" class="alignright wp-image-204 size-full" title="contacter mpweb" src="https://www.ma-part-du-web.com/agence-arras/wp-content/uploads/2020/07/telephonem.png" alt="" width="150" height="120" />Vous désirez entrer en contact avec nous pour la création de votre futur site professionnel, un logo, une présentation vidéo&#8230; Vous désirez lancer une campagne de pub ou de référencement pour votre activité ou améliorer votre positionnement dans google&#8230; N&rsquo;hésitez pas à bien détailler votre projet, à l&rsquo;issue nous vous contacterons pour en discuter librement (devis gratuits)</p>
<ul>
<li><strong>Jean-Marc Denecker : <a href="mailto:mpweb@hotmail.fr">mpweb@hotmail.fr</a></strong></li>
<li><strong>Téléphone : 0695257282 (du lundi au vendredi de 9h00 à 18h00).</strong></li>
</ul>
<hr />
<blockquote><p><img loading="lazy" decoding="async" class="aligncenter wp-image-83 size-full" src="https://www.ma-part-du-web.com/agence-arras/wp-content/uploads/2020/07/cont.jpg" alt="" width="700" height="260" srcset="https://www.ma-part-du-web.com/agence-arras/wp-content/uploads/2020/07/cont.jpg 700w, https://www.ma-part-du-web.com/agence-arras/wp-content/uploads/2020/07/cont-300x111.jpg 300w" sizes="(max-width: 700px) 100vw, 700px" /></p></blockquote>
<p>&nbsp;</p>

<p>Vous désirez entrer en contact avec nous pour la création de votre futur site professionnel, un logo, une présentation vidéo&#8230; Vous désirez lancer une campagne de pub ou de référencement pour votre activité ou améliorer votre positionnement dans google&#8230; N&rsquo;hésitez pas à bien détailler votre projet, à l&rsquo;issue nous vous contacterons pour en discuter librement [&hellip;]</p>

<!-- This site is optimized with the Yoast SEO plugin v24.5 - https://yoast.com/wordpress/plugins/seo/ -->
<title>devis site internet et référencement arras</title>
<meta name="description" content="Création de sites internet et projets de communication à Arras : tarifs, devis et prise de contact gratuits" />
<meta name="robots" content="index, follow, max-snippet:-1, max-image-preview:large, max-video-preview:-1" />
<link rel="canonical" href="https://www.ma-part-du-web.com/agence-arras/contact-devis/" />
<meta property="og:locale" content="fr_FR" />
<meta property="og:type" content="article" />
<meta property="og:title" content="devis site internet et référencement arras" />
<meta property="og:description" content="Création de sites internet et projets de communication à Arras : tarifs, devis et prise de contact gratuits" />
<meta property="og:url" content="https://www.ma-part-du-web.com/agence-arras/contact-devis/" />
<meta property="og:site_name" content="Ma Part du Web" />
<meta property="article:modified_time" content="2024-07-10T06:48:56+00:00" />
<meta property="og:image" content="https://www.ma-part-du-web.com/agence-arras/wp-content/uploads/2020/07/telephonem.png" />
<meta name="twitter:card" content="summary_large_image" />
<meta name="twitter:label1" content="Durée de lecture estimée" />
	<meta name="twitter:data1" content="1 minute" />
<script type="application/ld+json" class="yoast-schema-graph">{"@context":"https://schema.org","@graph":[{"@type":"WebPage","@id":"https://www.ma-part-du-web.com/agence-arras/contact-devis/","url":"https://www.ma-part-du-web.com/agence-arras/contact-devis/","name":"devis site internet et référencement arras","isPartOf":{"@id":"https://www.ma-part-du-web.com/agence-arras/#website"},"primaryImageOfPage":{"@id":"https://www.ma-part-du-web.com/agence-arras/contact-devis/#primaryimage"},"image":{"@id":"https://www.ma-part-du-web.com/agence-arras/contact-devis/#primaryimage"},"thumbnailUrl":"https://www.ma-part-du-web.com/agence-arras/wp-content/uploads/2020/07/telephonem.png","datePublished":"2020-07-27T10:49:00+00:00","dateModified":"2024-07-10T06:48:56+00:00","description":"Création de sites internet et projets de communication à Arras : tarifs, devis et prise de contact gratuits","breadcrumb":{"@id":"https://www.ma-part-du-web.com/agence-arras/contact-devis/#breadcrumb"},"inLanguage":"fr-FR","potentialAction":[{"@type":"ReadAction","target":["https://www.ma-part-du-web.com/agence-arras/contact-devis/"]}]},{"@type":"ImageObject","inLanguage":"fr-FR","@id":"https://www.ma-part-du-web.com/agence-arras/contact-devis/#primaryimage","url":"https://www.ma-part-du-web.com/agence-arras/wp-content/uploads/2020/07/telephonem.png","contentUrl":"https://www.ma-part-du-web.com/agence-arras/wp-content/uploads/2020/07/telephonem.png","width":150,"height":120},{"@type":"BreadcrumbList","@id":"https://www.ma-part-du-web.com/agence-arras/contact-devis/#breadcrumb","itemListElement":[{"@type":"ListItem","position":1,"name":"Accueil","item":"https://www.ma-part-du-web.com/agence-arras/"},{"@type":"ListItem","position":2,"name":"Contact / Devis"}]},{"@type":"WebSite","@id":"https://www.ma-part-du-web.com/agence-arras/#website","url":"https://www.ma-part-du-web.com/agence-arras/","name":"Ma Part du Web","description":"Sites web, visuels...","publisher":{"@id":"https://www.ma-part-du-web.com/agence-arras/#organization"},"potentialAction":[{"@type":"SearchAction","target":{"@type":"EntryPoint","urlTemplate":"https://www.ma-part-du-web.com/agence-arras/?s={search_term_string}"},"query-input":{"@type":"PropertyValueSpecification","valueRequired":true,"valueName":"search_term_string"}}],"inLanguage":"fr-FR"},{"@type":"Organization","@id":"https://www.ma-part-du-web.com/agence-arras/#organization","name":"Ma Part du Web","url":"https://www.ma-part-du-web.com/agence-arras/","logo":{"@type":"ImageObject","inLanguage":"fr-FR","@id":"https://www.ma-part-du-web.com/agence-arras/#/schema/logo/image/","url":"https://www.ma-part-du-web.com/agence-arras/wp-content/uploads/2022/10/cropped-path4292-3.png","contentUrl":"https://www.ma-part-du-web.com/agence-arras/wp-content/uploads/2022/10/cropped-path4292-3.png","width":200,"height":170,"caption":"Ma Part du Web"},"image":{"@id":"https://www.ma-part-du-web.com/agence-arras/#/schema/logo/image/"}}]}</script>
<!-- / Yoast SEO plugin. -->

devis site internet et référencement arras

Création de sites internet et projets de communication à Arras : tarifs, devis et prise de contact gratuits
